{"id":28989,"date":"2025-01-21T09:23:31","date_gmt":"2025-01-21T08:23:31","guid":{"rendered":"https:\/\/paragon-estates.com\/property\/apartamentos-amalfi\/"},"modified":"2025-01-21T09:23:31","modified_gmt":"2025-01-21T08:23:31","slug":"apartamentos-amalfi","status":"publish","type":"property","link":"https:\/\/paragon-estates.com\/es\/property\/apartamentos-amalfi\/","title":{"rendered":"Apartamentos Amalfi"},"content":{"rendered":"<p style=\"text-align: center;\"><strong>Apartamentos Amalfi<\/strong><\/p>\n<p style=\"text-align: center;\">Inspirado en la solidez de las construcciones cl\u00e1sicas, pero impregnado de contornos fluidos, Amalfi transmite una sensaci\u00f3n de alegr\u00eda sin esfuerzo.<\/p>\n<p style=\"text-align: center;\">Exteriores inteligentemente sombreados, generosos espacios de terraza y ventanas envolventes garantizan el mejor aprovechamiento de la luz solar durante todo el a\u00f1o. Estos detalles de dise\u00f1o unifican la belleza del entorno exterior con todas las comodidades del hogar. <\/p>\n<p style=\"text-align: center;\">Amalfi contempla el mar Mediterr\u00e1neo, mientras se encuentra resguardado por las monta\u00f1as de Sierra Bermeja, integr\u00e1ndose armoniosamente en el paisaje natural. Descubra mil tonalidades del amanecer en el horizonte y disfrute de las impresionantes puestas de sol que marcan el<br \/>\ncomienzo de las largas tardes de verano. Ya sea en una de las amplias terrazas, en su propio jard\u00edn privado o en un sol\u00e1rium panor\u00e1mico de \u00e1tico, dondequiera que se encuentre, tendr\u00e1 el Mediterr\u00e1neo a sus pies.  <\/p>\n<p style=\"text-align: center;\">Amalfi se encuentra en Estepona, uno de los rincones m\u00e1s atractivos de la Costa del Sol. La ciudad se ha convertido en uno de los lugares m\u00e1s codiciados de la Costa del Sol, gracias a su calidad de vida y a su amplia oferta de actividades de ocio y estilo de vida. Sin embargo, permanece fiel a sus ra\u00edces y est\u00e1 llena de encanto andaluz. La abundancia de clubes de golf de alta calidad en la zona justifica por qu\u00e9 se conoce como la \u00abCosta del Golf\u00bb. El espectacular paisaje natural es el escenario ideal para una variedad de deportes al aire libre tanto en tierra como en mar. Adem\u00e1s, su clima inmejorable, famoso por sus 325 d\u00edas de sol de media al a\u00f1o, junto con su posici\u00f3n resguardada, hacen de esta ciudad un<br \/>\nmodelo de calidad de vida en Espa\u00f1a y Europa.     <\/p>\n<p style=\"text-align: center;\">Amalfi disfruta de una excelente accesibilidad a las principales carreteras de la provincia, lo que la sit\u00faa a tan solo 10 minutos de Puerto Ban\u00fas y a menos de 45 minutos del aeropuerto de M\u00e1laga.<\/p>\n<p style=\"text-align: center;\">La calidad de las playas, sus servicios y su fant\u00e1stica accesibilidad han sido reconocidas con un n\u00famero r\u00e9cord de banderas azules.<\/p>\n<p style=\"text-align: center;\">En el interior de nuestras hermosas viviendas, la distribuci\u00f3n \u00fanica est\u00e1 especialmente dise\u00f1ada para ofrecer amplias zonas de estar donde el interior se conecta con las \u00e1reas exteriores para maximizar la luz y el espacio. La zona de sal\u00f3n de planta abierta que incluye la cocina fluye sin interrupciones y se conecta con la amplia terraza para proporcionar un espacio de vida \u00fanico. <\/p>\n<p style=\"text-align: center;\">Amalfi ofrece una zona de coworking bellamente dise\u00f1ada especialmente para que usted disfrute, donde puede simplemente relajarse, leer un libro o trabajar desde casa.<\/p>\n<p style=\"text-align: center;\">El exclusivo spa de Amalfi fomenta la relajaci\u00f3n completa, sum\u00e9rjase en el agua, disfrute de la sauna y el ba\u00f1o turco y simplemente rel\u00e1jese y<br \/>\ndesconecte. Esta zona bellamente dise\u00f1ada refleja la esencia de Amalfi y es verdaderamente \u00fanica. <\/p>\n<p style=\"text-align: center;\">Amalfi ofrece excelentes instalaciones deportivas, su gimnasio totalmente equipado se beneficia de luz natural y vistas a los impresionantes jardines paisaj\u00edsticos.<\/p>\n<p style=\"text-align: center;\">PRECIO DESDE: 399.000 \u20ac<\/p>\n<p style=\"text-align: center;\">Licencia de construcci\u00f3n: 4.\u00ba trimestre de 2023*<\/p>\n<p style=\"text-align: center;\">Finalizaci\u00f3n de obra: 2.\u00ba trimestre de 2026 (FASE 1) \/ 4.\u00ba trimestre de 2026 (FASE 2)*<\/p>\n","protected":false},"excerpt":{"rendered":"<p>Apartamentos Amalfi Inspirado en la solidez de las construcciones cl\u00e1sicas, pero impregnado de contornos fluidos, Amalfi transmite una sensaci\u00f3n de alegr\u00eda sin esfuerzo. Exteriores inteligentemente sombreados, generosos espacios de terraza y ventanas envolventes garantizan el mejor aprovechamiento de la luz solar durante todo el a\u00f1o. Estos detalles de dise\u00f1o unifican la belleza del entorno exterior [&hellip;]<\/p>\n","protected":false},"author":241065622,"featured_media":28990,"parent":0,"menu_order":0,"template":"","property_type":[],"property_status":[122141],"property_feature":[122102,122109,122135,122104,122127,122138,122110,122106],"property_label":[],"property_country":[122100],"property_state":[],"property_city":[],"property_area":[],"class_list":["post-28989","property","type-property","status-publish","has-post-thumbnail","hentry","property_status-obra-nueva","property_feature-gimnasio","property_feature-jacuzzi","property_feature-piscina-comunitaria","property_feature-sauna","property_feature-spa","property_feature-terraza","property_feature-vistas-al-golf","property_feature-zonas-verdes","property_country-espana"],"property_meta":{"rank_math_internal_links_processed":["1"],"_last_translation_edit_mode":["translation-editor"],"fave_featured":["0"],"houzez_featured_listing_date":[""],"fave_property_images":["20371","20372","20373","20374","20375","20376","20377","20378","20379","20380"],"fave_agent_display_option":["agency_info"],"fave_property_agency":["2048"],"fave_single_top_area":["global"],"_top_nav_excluded":[""],"_cms_nav_minihome":[""],"fave_property_price":["399.000 \u20ac"],"fave_property_price_prefix":["Precio desde"],"fave_property_bedrooms":["2-3"],"fave_property_bathrooms":["2"],"fave_property_map":["1"],"fave_property_location":["36.516666,-4.883333,15"],"houzez_geolocation_lat":["36.516666"],"houzez_geolocation_long":["-4.883333"],"fave_property_map_street_view":["ocultar"],"fave_prop_homeslider":["no"],"fave_attachments":["20381","20382"],"floor_plans":["a:4:{i:0;a:5:{s:15:\"fave_plan_title\";s:9:\"Bloque 2 \";s:15:\"fave_plan_rooms\";s:1:\"3\";s:19:\"fave_plan_bathrooms\";s:1:\"2\";s:14:\"fave_plan_size\";s:9:\"136,06 m2\";s:15:\"fave_plan_image\";s:62:\"https:\/\/paragon-estates.com\/wp-content\/uploads\/2025\/01\/1-1.pdf\";}i:1;a:5:{s:15:\"fave_plan_title\";s:9:\"Bloque 5 \";s:15:\"fave_plan_rooms\";s:1:\"2\";s:19:\"fave_plan_bathrooms\";s:1:\"2\";s:14:\"fave_plan_size\";s:9:\"108,05 m2\";s:15:\"fave_plan_image\";s:62:\"https:\/\/paragon-estates.com\/wp-content\/uploads\/2025\/01\/1-2.pdf\";}i:2;a:5:{s:15:\"fave_plan_title\";s:8:\"Bloque 1\";s:15:\"fave_plan_rooms\";s:1:\"3\";s:19:\"fave_plan_bathrooms\";s:1:\"2\";s:14:\"fave_plan_size\";s:9:\"136,06 m2\";s:15:\"fave_plan_image\";s:62:\"https:\/\/paragon-estates.com\/wp-content\/uploads\/2025\/01\/1-3.pdf\";}i:3;a:5:{s:15:\"fave_plan_title\";s:9:\"Bloque 8 \";s:15:\"fave_plan_rooms\";s:1:\"3\";s:19:\"fave_plan_bathrooms\";s:1:\"2\";s:14:\"fave_plan_size\";s:9:\"133,73 m2\";s:15:\"fave_plan_image\";s:62:\"https:\/\/paragon-estates.com\/wp-content\/uploads\/2025\/01\/1-4.pdf\";}}"],"_thumbnail_id":["28990"],"_wpml_word_count":["533"],"houzez_total_property_views":["10"],"houzez_views_by_date":["a:9:{s:10:\"08-23-2026\";i:1;s:10:\"08-24-2026\";i:1;s:10:\"08-25-2026\";i:1;s:10:\"08-26-2026\";i:1;s:10:\"08-27-2026\";i:1;s:10:\"08-29-2026\";i:2;s:10:\"08-30-2026\";i:1;s:10:\"08-31-2026\";i:1;s:10:\"09-01-2026\";i:1;}"],"houzez_recently_viewed":["2026-09-01 17:54:58"],"_elementor_page_assets":["a:0:{}"]},"jetpack_likes_enabled":true,"jetpack_sharing_enabled":true,"_links":{"self":[{"href":"https:\/\/paragon-estates.com\/es\/wp-json\/wp\/v2\/properties\/28989","targetHints":{"allow":["GET"]}}],"collection":[{"href":"https:\/\/paragon-estates.com\/es\/wp-json\/wp\/v2\/properties"}],"about":[{"href":"https:\/\/paragon-estates.com\/es\/wp-json\/wp\/v2\/types\/property"}],"author":[{"embeddable":true,"href":"https:\/\/paragon-estates.com\/es\/wp-json\/wp\/v2\/users\/241065622"}],"version-history":[{"count":0,"href":"https:\/\/paragon-estates.com\/es\/wp-json\/wp\/v2\/properties\/28989\/revisions"}],"wp:featuredmedia":[{"embeddable":true,"href":"https:\/\/paragon-estates.com\/es\/wp-json\/wp\/v2\/media\/28990"}],"wp:attachment":[{"href":"https:\/\/paragon-estates.com\/es\/wp-json\/wp\/v2\/media?parent=28989"}],"wp:term":[{"taxonomy":"property_type","embeddable":true,"href":"https:\/\/paragon-estates.com\/es\/wp-json\/wp\/v2\/property_type?post=28989"},{"taxonomy":"property_status","embeddable":true,"href":"https:\/\/paragon-estates.com\/es\/wp-json\/wp\/v2\/property_status?post=28989"},{"taxonomy":"property_feature","embeddable":true,"href":"https:\/\/paragon-estates.com\/es\/wp-json\/wp\/v2\/property_feature?post=28989"},{"taxonomy":"property_label","embeddable":true,"href":"https:\/\/paragon-estates.com\/es\/wp-json\/wp\/v2\/property_label?post=28989"},{"taxonomy":"property_country","embeddable":true,"href":"https:\/\/paragon-estates.com\/es\/wp-json\/wp\/v2\/property_country?post=28989"},{"taxonomy":"property_state","embeddable":true,"href":"https:\/\/paragon-estates.com\/es\/wp-json\/wp\/v2\/property_state?post=28989"},{"taxonomy":"property_city","embeddable":true,"href":"https:\/\/paragon-estates.com\/es\/wp-json\/wp\/v2\/property_city?post=28989"},{"taxonomy":"property_area","embeddable":true,"href":"https:\/\/paragon-estates.com\/es\/wp-json\/wp\/v2\/property_area?post=28989"}],"curies":[{"name":"wp","href":"https:\/\/api.w.org\/{rel}","templated":true}]}}

<p style="text-align: center;"><strong>Apartamentos Amalfi</strong></p>
<p style="text-align: center;">Inspirado en la solidez de las construcciones clásicas, pero impregnado de contornos fluidos, Amalfi transmite una sensación de alegría sin esfuerzo.</p>
<p style="text-align: center;">Exteriores inteligentemente sombreados, generosos espacios de terraza y ventanas envolventes garantizan el mejor aprovechamiento de la luz solar durante todo el año. Estos detalles de diseño unifican la belleza del entorno exterior con todas las comodidades del hogar. </p>
<p style="text-align: center;">Amalfi contempla el mar Mediterráneo, mientras se encuentra resguardado por las montañas de Sierra Bermeja, integrándose armoniosamente en el paisaje natural. Descubra mil tonalidades del amanecer en el horizonte y disfrute de las impresionantes puestas de sol que marcan el<br />
comienzo de las largas tardes de verano. Ya sea en una de las amplias terrazas, en su propio jardín privado o en un solárium panorámico de ático, dondequiera que se encuentre, tendrá el Mediterráneo a sus pies.  </p>
<p style="text-align: center;">Amalfi se encuentra en Estepona, uno de los rincones más atractivos de la Costa del Sol. La ciudad se ha convertido en uno de los lugares más codiciados de la Costa del Sol, gracias a su calidad de vida y a su amplia oferta de actividades de ocio y estilo de vida. Sin embargo, permanece fiel a sus raíces y está llena de encanto andaluz. La abundancia de clubes de golf de alta calidad en la zona justifica por qué se conoce como la «Costa del Golf». El espectacular paisaje natural es el escenario ideal para una variedad de deportes al aire libre tanto en tierra como en mar. Además, su clima inmejorable, famoso por sus 325 días de sol de media al año, junto con su posición resguardada, hacen de esta ciudad un<br />
modelo de calidad de vida en España y Europa.     </p>
<p style="text-align: center;">Amalfi disfruta de una excelente accesibilidad a las principales carreteras de la provincia, lo que la sitúa a tan solo 10 minutos de Puerto Banús y a menos de 45 minutos del aeropuerto de Málaga.</p>
<p style="text-align: center;">La calidad de las playas, sus servicios y su fantástica accesibilidad han sido reconocidas con un número récord de banderas azules.</p>
<p style="text-align: center;">En el interior de nuestras hermosas viviendas, la distribución única está especialmente diseñada para ofrecer amplias zonas de estar donde el interior se conecta con las áreas exteriores para maximizar la luz y el espacio. La zona de salón de planta abierta que incluye la cocina fluye sin interrupciones y se conecta con la amplia terraza para proporcionar un espacio de vida único. </p>
<p style="text-align: center;">Amalfi ofrece una zona de coworking bellamente diseñada especialmente para que usted disfrute, donde puede simplemente relajarse, leer un libro o trabajar desde casa.</p>
<p style="text-align: center;">El exclusivo spa de Amalfi fomenta la relajación completa, sumérjase en el agua, disfrute de la sauna y el baño turco y simplemente relájese y<br />
desconecte. Esta zona bellamente diseñada refleja la esencia de Amalfi y es verdaderamente única. </p>
<p style="text-align: center;">Amalfi ofrece excelentes instalaciones deportivas, su gimnasio totalmente equipado se beneficia de luz natural y vistas a los impresionantes jardines paisajísticos.</p>
<p style="text-align: center;">PRECIO DESDE: 399.000 €</p>
<p style="text-align: center;">Licencia de construcción: 4.º trimestre de 2023*</p>
<p style="text-align: center;">Finalización de obra: 2.º trimestre de 2026 (FASE 1) / 4.º trimestre de 2026 (FASE 2)*</p>

<p>Apartamentos Amalfi Inspirado en la solidez de las construcciones clásicas, pero impregnado de contornos fluidos, Amalfi transmite una sensación de alegría sin esfuerzo. Exteriores inteligentemente sombreados, generosos espacios de terraza y ventanas envolventes garantizan el mejor aprovechamiento de la luz solar durante todo el año. Estos detalles de diseño unifican la belleza del entorno exterior [&hellip;]</p>
