{"id":28610,"date":"2024-08-19T12:46:11","date_gmt":"2024-08-19T10:46:11","guid":{"rendered":"https:\/\/paragon-estates.com\/property\/villa-gregal\/"},"modified":"2024-08-19T12:46:11","modified_gmt":"2024-08-19T10:46:11","slug":"villa-gregal","status":"publish","type":"property","link":"https:\/\/paragon-estates.com\/es\/property\/villa-gregal\/","title":{"rendered":"Villa Gregal"},"content":{"rendered":"<p class=\"a-b-r-La\" style=\"text-align: center;\"><strong>VILLA GREGAL<\/strong><\/p>\n<p class=\"a-b-r-La\" style=\"text-align: center;\"><strong>VILLA MODERNA CON INTERIORES DE PEDRO PE\u00d1A EN CORTIJO BLANCO<\/strong><\/p>\n<p class=\"a-b-r-La\" style=\"text-align: center;\">Esta elegante villa contempor\u00e1nea, situada en una zona residencial consolidada junto a la playa en la calle Los \u00c1ngeles, est\u00e1 rodeada de jardines maduros y altos \u00e1rboles que enmarcan las vistas al mar desde las plantas superiores de la vivienda. En su interior, Villa Gregal se caracteriza por una fluidez natural entre las estancias, que se extienden hacia la impresionante zona de la piscina y las \u00e1reas de entretenimiento en los niveles inferior y superior. Lo que destaca de esta villa son sus l\u00edneas arquitect\u00f3nicas y la calidad de sus acabados, que integran maderas nobles, piedra y m\u00e1rmol en un hogar tecnol\u00f3gicamente avanzado. Desde los electrodom\u00e9sticos hasta el mobiliario a medida fabricado espec\u00edficamente para Villa Gregal, pasando por la decoraci\u00f3n creada por el dise\u00f1ador de interiores m\u00e1s destacado de Marbella, Pedro Pe\u00f1a, esta es una vivienda de estilo y finura. Las zonas de estar de la planta baja y las suites de los dormitorios de la primera planta est\u00e1n conectadas con las \u00e1reas de entretenimiento del nivel inferior y de la azotea mediante una escalera flotante y un ascensor privado. El espacio de ocio interior cuenta con un gimnasio profesional, un bar dise\u00f1ado a medida con detalles exquisitos y una zona de cine y sal\u00f3n circular que le dejar\u00e1 sin aliento. Pero lo mejor est\u00e1 por llegar, ya que la terraza de la azotea ofrece una sofisticada zona de estilo de vida con un jacuzzi panor\u00e1mico, un amplio sal\u00f3n y comedor, y un bar profesional con cocina exterior: el dominio privado perfecto con el mar en el horizonte.      <\/p>\n","protected":false},"excerpt":{"rendered":"<p>VILLA GREGAL VILLA MODERNA CON INTERIORES DE PEDRO PE\u00d1A EN CORTIJO BLANCO Esta elegante villa contempor\u00e1nea, situada en una zona residencial consolidada junto a la playa en la calle Los \u00c1ngeles, est\u00e1 rodeada de jardines maduros y altos \u00e1rboles que enmarcan las vistas al mar desde las plantas superiores de la vivienda. En su interior, [&hellip;]<\/p>\n","protected":false},"author":241065622,"featured_media":28634,"parent":0,"menu_order":0,"template":"","property_type":[122118],"property_status":[122117],"property_feature":[122102,122109,122105,122159],"property_label":[122115],"property_country":[122100],"property_state":[122116],"property_city":[122099],"property_area":[],"class_list":["post-28610","property","type-property","status-publish","has-post-thumbnail","hentry","property_type-villa","property_status-vendido","property_feature-gimnasio","property_feature-jacuzzi","property_feature-piscina","property_feature-sureste","property_label-vendido","property_country-espana","property_state-malaga","property_city-marbella"],"property_meta":{"rank_math_internal_links_processed":["1"],"_last_translation_edit_mode":["translation-editor"],"fave_featured":["0"],"houzez_featured_listing_date":[""],"fave_property_images":["16775","16781","16782","16786","16760","16761","16762","16763","16764","16780"],"fave_agent_display_option":["agency_info"],"fave_property_agency":["2048"],"fave_single_top_area":["global"],"_top_nav_excluded":[""],"_cms_nav_minihome":[""],"fave_currency":["EUR"],"fave_currency_info":["a:8:{s:2:\"id\";s:1:\"1\";s:13:\"currency_name\";s:4:\"Euro\";s:13:\"currency_code\";s:3:\"EUR\";s:15:\"currency_symbol\";s:3:\"\u20ac\";s:17:\"currency_position\";s:6:\"before\";s:16:\"currency_decimal\";s:1:\"0\";s:26:\"currency_decimal_separator\";s:1:\".\";s:27:\"currency_thousand_separator\";s:1:\",\";}"],"fave_property_price":["4750000"],"fave_property_size":["463"],"fave_property_size_prefix":["m2"],"fave_property_land":["616"],"fave_property_land_postfix":["m\u00b2"],"fave_property_bedrooms":["5"],"fave_property_bathrooms":["6"],"fave_property_id":["PAR-250"],"fave_property_map":["1"],"fave_property_location":["36.516666,-4.883333,15"],"houzez_geolocation_lat":["36.516666"],"houzez_geolocation_long":["-4.883333"],"fave_property_map_street_view":["Ocultar"],"fave_video_url":["https:\/\/youtu.be\/yPfnyqQOW0M"],"fave_prop_homeslider":["no"],"floor_plans":["a:4:{i:0;a:2:{s:15:\"fave_plan_title\";s:26:\"Plano de la planta s\u00f3tano\";s:15:\"fave_plan_image\";s:103:\"https:\/\/paragon-estates.com\/wp-content\/uploads\/2024\/08\/Screenshot_at_August_19th_2024_-_12.30.47_pm.png\";}i:1;a:2:{s:15:\"fave_plan_title\";s:23:\"Plano de la planta baja\";s:15:\"fave_plan_image\";s:103:\"https:\/\/paragon-estates.com\/wp-content\/uploads\/2024\/08\/Screenshot_at_August_19th_2024_-_12.31.54_pm.png\";}i:2;a:2:{s:15:\"fave_plan_title\";s:26:\"Plano de la segunda planta\";s:15:\"fave_plan_image\";s:103:\"https:\/\/paragon-estates.com\/wp-content\/uploads\/2024\/08\/Screenshot_at_August_19th_2024_-_12.32.51_pm.png\";}i:3;a:2:{s:15:\"fave_plan_title\";s:28:\"Plano de la planta sol\u00e1rium\";s:15:\"fave_plan_image\";s:103:\"https:\/\/paragon-estates.com\/wp-content\/uploads\/2024\/08\/Screenshot_at_August_19th_2024_-_12.34.08_pm.png\";}}"],"_thumbnail_id":["28634"],"_wpml_word_count":["277"],"houzez_total_property_views":["5"],"houzez_views_by_date":["a:5:{s:10:\"08-21-2026\";i:1;s:10:\"08-24-2026\";i:1;s:10:\"08-27-2026\";i:1;s:10:\"08-31-2026\";i:1;s:10:\"09-04-2026\";i:1;}"],"houzez_recently_viewed":["2026-09-05 01:16:24"],"_elementor_page_assets":["a:0:{}"]},"jetpack_likes_enabled":true,"jetpack_sharing_enabled":true,"_links":{"self":[{"href":"https:\/\/paragon-estates.com\/es\/wp-json\/wp\/v2\/properties\/28610","targetHints":{"allow":["GET"]}}],"collection":[{"href":"https:\/\/paragon-estates.com\/es\/wp-json\/wp\/v2\/properties"}],"about":[{"href":"https:\/\/paragon-estates.com\/es\/wp-json\/wp\/v2\/types\/property"}],"author":[{"embeddable":true,"href":"https:\/\/paragon-estates.com\/es\/wp-json\/wp\/v2\/users\/241065622"}],"version-history":[{"count":0,"href":"https:\/\/paragon-estates.com\/es\/wp-json\/wp\/v2\/properties\/28610\/revisions"}],"wp:featuredmedia":[{"embeddable":true,"href":"https:\/\/paragon-estates.com\/es\/wp-json\/wp\/v2\/media\/28634"}],"wp:attachment":[{"href":"https:\/\/paragon-estates.com\/es\/wp-json\/wp\/v2\/media?parent=28610"}],"wp:term":[{"taxonomy":"property_type","embeddable":true,"href":"https:\/\/paragon-estates.com\/es\/wp-json\/wp\/v2\/property_type?post=28610"},{"taxonomy":"property_status","embeddable":true,"href":"https:\/\/paragon-estates.com\/es\/wp-json\/wp\/v2\/property_status?post=28610"},{"taxonomy":"property_feature","embeddable":true,"href":"https:\/\/paragon-estates.com\/es\/wp-json\/wp\/v2\/property_feature?post=28610"},{"taxonomy":"property_label","embeddable":true,"href":"https:\/\/paragon-estates.com\/es\/wp-json\/wp\/v2\/property_label?post=28610"},{"taxonomy":"property_country","embeddable":true,"href":"https:\/\/paragon-estates.com\/es\/wp-json\/wp\/v2\/property_country?post=28610"},{"taxonomy":"property_state","embeddable":true,"href":"https:\/\/paragon-estates.com\/es\/wp-json\/wp\/v2\/property_state?post=28610"},{"taxonomy":"property_city","embeddable":true,"href":"https:\/\/paragon-estates.com\/es\/wp-json\/wp\/v2\/property_city?post=28610"},{"taxonomy":"property_area","embeddable":true,"href":"https:\/\/paragon-estates.com\/es\/wp-json\/wp\/v2\/property_area?post=28610"}],"curies":[{"name":"wp","href":"https:\/\/api.w.org\/{rel}","templated":true}]}}

<p class="a-b-r-La" style="text-align: center;"><strong>VILLA GREGAL</strong></p>
<p class="a-b-r-La" style="text-align: center;"><strong>VILLA MODERNA CON INTERIORES DE PEDRO PEÑA EN CORTIJO BLANCO</strong></p>
<p class="a-b-r-La" style="text-align: center;">Esta elegante villa contemporánea, situada en una zona residencial consolidada junto a la playa en la calle Los Ángeles, está rodeada de jardines maduros y altos árboles que enmarcan las vistas al mar desde las plantas superiores de la vivienda. En su interior, Villa Gregal se caracteriza por una fluidez natural entre las estancias, que se extienden hacia la impresionante zona de la piscina y las áreas de entretenimiento en los niveles inferior y superior. Lo que destaca de esta villa son sus líneas arquitectónicas y la calidad de sus acabados, que integran maderas nobles, piedra y mármol en un hogar tecnológicamente avanzado. Desde los electrodomésticos hasta el mobiliario a medida fabricado específicamente para Villa Gregal, pasando por la decoración creada por el diseñador de interiores más destacado de Marbella, Pedro Peña, esta es una vivienda de estilo y finura. Las zonas de estar de la planta baja y las suites de los dormitorios de la primera planta están conectadas con las áreas de entretenimiento del nivel inferior y de la azotea mediante una escalera flotante y un ascensor privado. El espacio de ocio interior cuenta con un gimnasio profesional, un bar diseñado a medida con detalles exquisitos y una zona de cine y salón circular que le dejará sin aliento. Pero lo mejor está por llegar, ya que la terraza de la azotea ofrece una sofisticada zona de estilo de vida con un jacuzzi panorámico, un amplio salón y comedor, y un bar profesional con cocina exterior: el dominio privado perfecto con el mar en el horizonte.      </p>

<p>VILLA GREGAL VILLA MODERNA CON INTERIORES DE PEDRO PEÑA EN CORTIJO BLANCO Esta elegante villa contemporánea, situada en una zona residencial consolidada junto a la playa en la calle Los Ángeles, está rodeada de jardines maduros y altos árboles que enmarcan las vistas al mar desde las plantas superiores de la vivienda. En su interior, [&hellip;]</p>

a:4:{i:0;a:2:{s:15:"fave_plan_title";s:26:"Plano de la planta sótano";s:15:"fave_plan_image";s:103:"https://paragon-estates.com/wp-content/uploads/2024/08/Screenshot_at_August_19th_2024_-_12.30.47_pm.png";}i:1;a:2:{s:15:"fave_plan_title";s:23:"Plano de la planta baja";s:15:"fave_plan_image";s:103:"https://paragon-estates.com/wp-content/uploads/2024/08/Screenshot_at_August_19th_2024_-_12.31.54_pm.png";}i:2;a:2:{s:15:"fave_plan_title";s:26:"Plano de la segunda planta";s:15:"fave_plan_image";s:103:"https://paragon-estates.com/wp-content/uploads/2024/08/Screenshot_at_August_19th_2024_-_12.32.51_pm.png";}i:3;a:2:{s:15:"fave_plan_title";s:28:"Plano de la planta solárium";s:15:"fave_plan_image";s:103:"https://paragon-estates.com/wp-content/uploads/2024/08/Screenshot_at_August_19th_2024_-_12.34.08_pm.png";}}
