{"id":27249,"date":"2023-12-19T12:07:31","date_gmt":"2023-12-19T11:07:31","guid":{"rendered":"https:\/\/paragon-estates.com\/property\/villa-manglar\/"},"modified":"2023-12-19T12:07:31","modified_gmt":"2023-12-19T11:07:31","slug":"villa-manglar","status":"publish","type":"property","link":"https:\/\/paragon-estates.com\/es\/property\/villa-manglar\/","title":{"rendered":"Villa Manglar"},"content":{"rendered":"<p style=\"text-align: center;\"><strong>VILLA MANGLAR<\/strong><\/p>\n<p style=\"text-align: center;\"><strong>BENAHAV\u00cdS<\/strong><\/p>\n<p style=\"text-align: center;\">Villa contempor\u00e1nea de calidad y de nueva construcci\u00f3n con 4 dormitorios en Puerto del Capit\u00e1n. Orientaci\u00f3n sur a oeste. Vistas al mar y a la monta\u00f1a.  <\/p>\n<p style=\"text-align: center;\">Planta principal: zona de estar y comedor con techos altos y chimenea, con acceso directo al jard\u00edn y a la zona de la piscina. Cocina totalmente equipada con electrodom\u00e9sticos Bosch. Dos dormitorios de invitados que comparten un ba\u00f1o. Aseo para invitados.   <\/p>\n<p style=\"text-align: center;\">Primera planta: dormitorio principal en suite con vestidor, un dormitorio de invitados en suite.<\/p>\n<p style=\"text-align: center;\">Azotea.<\/p>\n<p style=\"text-align: center;\">S\u00f3tano: zona de lavander\u00eda y almacenamiento.<\/p>\n<p style=\"text-align: center;\">Urbanizaci\u00f3n cerrada.<\/p>\n<p style=\"text-align: center;\">Cerca de todos los servicios, a menos de 10 minutos de la playa, de Puerto Ban\u00fas y del pueblo de San Pedro.<\/p>\n","protected":false},"excerpt":{"rendered":"<p>VILLA MANGLAR BENAHAV\u00cdS Villa contempor\u00e1nea de calidad y de nueva construcci\u00f3n con 4 dormitorios en Puerto del Capit\u00e1n. Orientaci\u00f3n sur a oeste. Vistas al mar y a la monta\u00f1a. Planta principal: zona de estar y comedor con techos altos y chimenea, con acceso directo al jard\u00edn y a la zona de la piscina. Cocina totalmente [&hellip;]<\/p>\n","protected":false},"author":241065622,"featured_media":27268,"parent":0,"menu_order":0,"template":"","property_type":[122118],"property_status":[122120],"property_feature":[122131,122126,122105,122121,122106],"property_label":[],"property_country":[122100],"property_state":[122116],"property_city":[122149],"property_area":[],"class_list":["post-27249","property","type-property","status-publish","has-post-thumbnail","hentry","property_type-villa","property_status-en-venta","property_feature-chimenea","property_feature-comunidad-cerrada","property_feature-piscina","property_feature-vistas-al-mar","property_feature-zonas-verdes","property_country-espana","property_state-malaga","property_city-benahavis"],"property_meta":{"rank_math_internal_links_processed":["1"],"_last_translation_edit_mode":["translation-editor"],"fave_featured":["0"],"houzez_featured_listing_date":[""],"fave_property_images":["7248","7249","7250","7251","7252","7254","7255","7256","7257","7258"],"fave_agent_display_option":["agency_info"],"fave_property_agency":["2048"],"fave_single_top_area":["global"],"_top_nav_excluded":[""],"_cms_nav_minihome":[""],"fave_currency":["EUR"],"fave_currency_info":["a:8:{s:2:\"id\";s:1:\"1\";s:13:\"currency_name\";s:4:\"Euro\";s:13:\"currency_code\";s:3:\"EUR\";s:15:\"currency_symbol\";s:3:\"\u20ac\";s:17:\"currency_position\";s:6:\"before\";s:16:\"currency_decimal\";s:1:\"0\";s:26:\"currency_decimal_separator\";s:1:\".\";s:27:\"currency_thousand_separator\";s:1:\",\";}"],"fave_property_price":["2200000"],"fave_property_size":["289"],"fave_property_size_prefix":["m\u00b2"],"fave_property_land":["1000"],"fave_property_land_postfix":["m\u00b2"],"fave_property_bedrooms":["4"],"fave_property_bathrooms":["5"],"fave_property_id":["PAR-082"],"fave_property_map":["1"],"fave_property_location":["36.516666,-4.883333,15"],"houzez_geolocation_lat":["36.516666"],"houzez_geolocation_long":["-4.883333"],"fave_property_map_street_view":["ocultar"],"fave_prop_homeslider":["no"],"floor_plans":["a:4:{i:0;a:4:{s:15:\"fave_plan_title\";s:17:\"Plano del s\u00f3tano\";s:15:\"fave_plan_rooms\";s:1:\"2\";s:15:\"fave_plan_image\";s:105:\"https:\/\/paragon-estates.com\/wp-content\/uploads\/2023\/12\/Screenshot_at_December_19th_2023_-_11.56.38_am.png\";s:21:\"fave_plan_description\";s:28:\"S\u00f3tano: contiene el garaje.\";}i:1;a:3:{s:15:\"fave_plan_title\";s:23:\"Plano de la planta baja\";s:15:\"fave_plan_image\";s:105:\"https:\/\/paragon-estates.com\/wp-content\/uploads\/2023\/12\/Screenshot_at_December_19th_2023_-_11.59.00_am.png\";s:21:\"fave_plan_description\";s:138:\"Planta baja: contiene cocina-comedor, porches, vest\u00edbulo, sal\u00f3n, ba\u00f1o, aseo, piscina, cuarto de m\u00e1quinas bajo la terraza y dormitorio.\";}i:2;a:3:{s:15:\"fave_plan_title\";s:27:\"Plano de la planta superior\";s:15:\"fave_plan_image\";s:105:\"https:\/\/paragon-estates.com\/wp-content\/uploads\/2023\/12\/Screenshot_at_December_19th_2023_-_12.08.41_pm.png\";s:21:\"fave_plan_description\";s:64:\"Planta superior: contiene azotea, ba\u00f1os, dormitorios y terraza.\";}i:3;a:2:{s:15:\"fave_plan_title\";s:30:\"Plano de la planta de cubierta\";s:15:\"fave_plan_image\";s:105:\"https:\/\/paragon-estates.com\/wp-content\/uploads\/2023\/12\/Screenshot_at_December_19th_2023_-_12.11.33_pm.png\";}}"],"_thumbnail_id":["27268"],"_wpml_word_count":["124"],"houzez_total_property_views":["7"],"houzez_views_by_date":["a:6:{s:10:\"08-22-2026\";i:1;s:10:\"08-23-2026\";i:2;s:10:\"08-24-2026\";i:1;s:10:\"08-25-2026\";i:1;s:10:\"08-27-2026\";i:1;s:10:\"09-01-2026\";i:1;}"],"houzez_recently_viewed":["2026-09-01 17:44:22"],"_elementor_page_assets":["a:0:{}"]},"jetpack_likes_enabled":true,"jetpack_sharing_enabled":true,"_links":{"self":[{"href":"https:\/\/paragon-estates.com\/es\/wp-json\/wp\/v2\/properties\/27249","targetHints":{"allow":["GET"]}}],"collection":[{"href":"https:\/\/paragon-estates.com\/es\/wp-json\/wp\/v2\/properties"}],"about":[{"href":"https:\/\/paragon-estates.com\/es\/wp-json\/wp\/v2\/types\/property"}],"author":[{"embeddable":true,"href":"https:\/\/paragon-estates.com\/es\/wp-json\/wp\/v2\/users\/241065622"}],"version-history":[{"count":0,"href":"https:\/\/paragon-estates.com\/es\/wp-json\/wp\/v2\/properties\/27249\/revisions"}],"wp:featuredmedia":[{"embeddable":true,"href":"https:\/\/paragon-estates.com\/es\/wp-json\/wp\/v2\/media\/27268"}],"wp:attachment":[{"href":"https:\/\/paragon-estates.com\/es\/wp-json\/wp\/v2\/media?parent=27249"}],"wp:term":[{"taxonomy":"property_type","embeddable":true,"href":"https:\/\/paragon-estates.com\/es\/wp-json\/wp\/v2\/property_type?post=27249"},{"taxonomy":"property_status","embeddable":true,"href":"https:\/\/paragon-estates.com\/es\/wp-json\/wp\/v2\/property_status?post=27249"},{"taxonomy":"property_feature","embeddable":true,"href":"https:\/\/paragon-estates.com\/es\/wp-json\/wp\/v2\/property_feature?post=27249"},{"taxonomy":"property_label","embeddable":true,"href":"https:\/\/paragon-estates.com\/es\/wp-json\/wp\/v2\/property_label?post=27249"},{"taxonomy":"property_country","embeddable":true,"href":"https:\/\/paragon-estates.com\/es\/wp-json\/wp\/v2\/property_country?post=27249"},{"taxonomy":"property_state","embeddable":true,"href":"https:\/\/paragon-estates.com\/es\/wp-json\/wp\/v2\/property_state?post=27249"},{"taxonomy":"property_city","embeddable":true,"href":"https:\/\/paragon-estates.com\/es\/wp-json\/wp\/v2\/property_city?post=27249"},{"taxonomy":"property_area","embeddable":true,"href":"https:\/\/paragon-estates.com\/es\/wp-json\/wp\/v2\/property_area?post=27249"}],"curies":[{"name":"wp","href":"https:\/\/api.w.org\/{rel}","templated":true}]}}

<p style="text-align: center;"><strong>VILLA MANGLAR</strong></p>
<p style="text-align: center;"><strong>BENAHAVÍS</strong></p>
<p style="text-align: center;">Villa contemporánea de calidad y de nueva construcción con 4 dormitorios en Puerto del Capitán. Orientación sur a oeste. Vistas al mar y a la montaña.  </p>
<p style="text-align: center;">Planta principal: zona de estar y comedor con techos altos y chimenea, con acceso directo al jardín y a la zona de la piscina. Cocina totalmente equipada con electrodomésticos Bosch. Dos dormitorios de invitados que comparten un baño. Aseo para invitados.   </p>
<p style="text-align: center;">Primera planta: dormitorio principal en suite con vestidor, un dormitorio de invitados en suite.</p>
<p style="text-align: center;">Azotea.</p>
<p style="text-align: center;">Sótano: zona de lavandería y almacenamiento.</p>
<p style="text-align: center;">Urbanización cerrada.</p>
<p style="text-align: center;">Cerca de todos los servicios, a menos de 10 minutos de la playa, de Puerto Banús y del pueblo de San Pedro.</p>

<p>VILLA MANGLAR BENAHAVÍS Villa contemporánea de calidad y de nueva construcción con 4 dormitorios en Puerto del Capitán. Orientación sur a oeste. Vistas al mar y a la montaña. Planta principal: zona de estar y comedor con techos altos y chimenea, con acceso directo al jardín y a la zona de la piscina. Cocina totalmente [&hellip;]</p>

a:4:{i:0;a:4:{s:15:"fave_plan_title";s:17:"Plano del sótano";s:15:"fave_plan_rooms";s:1:"2";s:15:"fave_plan_image";s:105:"https://paragon-estates.com/wp-content/uploads/2023/12/Screenshot_at_December_19th_2023_-_11.56.38_am.png";s:21:"fave_plan_description";s:28:"Sótano: contiene el garaje.";}i:1;a:3:{s:15:"fave_plan_title";s:23:"Plano de la planta baja";s:15:"fave_plan_image";s:105:"https://paragon-estates.com/wp-content/uploads/2023/12/Screenshot_at_December_19th_2023_-_11.59.00_am.png";s:21:"fave_plan_description";s:138:"Planta baja: contiene cocina-comedor, porches, vestíbulo, salón, baño, aseo, piscina, cuarto de máquinas bajo la terraza y dormitorio.";}i:2;a:3:{s:15:"fave_plan_title";s:27:"Plano de la planta superior";s:15:"fave_plan_image";s:105:"https://paragon-estates.com/wp-content/uploads/2023/12/Screenshot_at_December_19th_2023_-_12.08.41_pm.png";s:21:"fave_plan_description";s:64:"Planta superior: contiene azotea, baños, dormitorios y terraza.";}i:3;a:2:{s:15:"fave_plan_title";s:30:"Plano de la planta de cubierta";s:15:"fave_plan_image";s:105:"https://paragon-estates.com/wp-content/uploads/2023/12/Screenshot_at_December_19th_2023_-_12.11.33_pm.png";}}
